
Calculate the remainder when 43926 is divided by 46.
42
Calculate the remainder when 2201520 is divided by 9173.
0
Calculate the remainder when 17271 is divided by 1917.
18
What is the remainder when 846856 is divided by 161?
157
Calculate the remainder when 40694 is divided by 275.
269
Calculate the remainder when 67987 is divided by 519.
517
Calculate the remainder when 1213 is divided by 946.
267
What is the remainder when 60785 is divided by 193?
183
What is the remainder when 79835 is divided by 19?
16
Calculate the remainder when 8739 is divided by 22.
5
Calculate the remainder when 382 is divided by 239.
143
What is the remainder when 81601 is divided by 868?
9
What is the remainder when 124565 is divided by 255?
125
Calculate the remainder when 451 is divided by 91.
87
Calculate the remainder when 1759 is divided by 439.
3
Calculate the remainder when 3535 is divided by 353.
5
What is the remainder when 5410246 is divided by 190?
186
What is the remainder when 5206 is divided by 38?
0
Calculate the remainder when 1701 is divided by 432.
405
Calculate the remainder when 135922 is divided by 98.
94
What is the remainder when 14068 is divided by 7028?
12
What is the remainder when 28779 is divided by 303?
297
Calculate the remainder when 3332402 is divided by 555400.
2
What is the remainder when 29644 is divided by 25?
19
Calculate the remainder when 7336 is divided by 188.
4
Calculate the remainder when 163702 is divided by 75.
52
Calculate the remainder when 1858741 is divided by 504.
493
What is the remainder when 1444 is divided by 416?
196
What is the remainder when 56862 is divided by 223?
220
What is the remainder when 7275 is divided by 7272?
3
Calculate the remainder when 35354 is divided by 723.
650
What is the remainder when 16869 is divided by 8402?
65
Calculate the remainder when 39625 is divided by 346.
181
What is the remainder when 813 is divided by 298?
217
What is the remainder when 8097 is divided by 1135?
152
What is the remainder when 2686 is divided by 692?
610
What is the remainder when 77527 is divided by 44?
43
Calculate the remainder when 1188197 is divided by 457.
454
What is the remainder when 10388 is divided by 1726?
32
Calculate the remainder when 525473 is divided by 343.
340
What is the remainder when 12032 is divided by 20?
12
Calculate the remainder when 25517 is divided by 80.
77
Calculate the remainder when 23905 is divided by 87.
67
Calculate the remainder when 19908 is divided by 22.
20
What is the remainder when 20955 is divided by 154?
11
Calculate the remainder when 4591 is divided by 1526.
13
What is the remainder when 365952 is divided by 52275?
27
Calculate the remainder when 1364712 is divided by 272940.
12
What is the remainder when 8250 is divided by 65?
60
Calculate the remainder when 163317 is divided by 10.
7
Calculate the remainder when 67155 is divided by 26.
23
Calculate the remainder when 20766 is divided by 21.
18
Calculate the remainder when 34389 is divided by 344.
333
Calculate the remainder when 211488 is divided by 10068.
60
Calculate the remainder when 4568 is divided by 505.
23
Calculate the remainder when 520742 is divided by 125.
117
Calculate the remainder when 944912 is divided by 118112.
16
What is the remainder when 52819 is divided by 61?
54
Calculate the remainder when 148284 is divided by 3530.
24
What is the remainder when 1292 is divided by 26?
18
Calculate the remainder when 10621 is divided by 26.
13
What is the remainder when 1339398 is divided by 1339388?
10
What is the remainder when 6206523 is divided by 25?
23
Calculate the remainder when 26257 is divided by 26212.
45
Calculate the remainder when 34613 is divided by 725.
538
What is the remainder when 633 is divided by 80?
73
What is the remainder when 123689 is divided by 186?
185
Calculate the remainder when 82858 is divided by 10.
8
Calculate the remainder when 1521 is divided by 125.
21
Calculate the remainder when 5002 is divided by 4194.
808
What is the remainder when 48360 is divided by 3220?
60
What is the remainder when 3592 is divided by 547?
310
What is the remainder when 36766 is divided by 103?
98
What is the remainder when 15892 is divided by 370?
352
What is the remainder when 203295 is divided by 16?
15
What is the remainder when 3132 is divided by 124?
32
What is the remainder when 6957 is divided by 118?
113
Calculate the remainder when 13529 is divided by 970.
919
Calculate the remainder when 259461 is divided by 259445.
16
What is the remainder when 39864 is divided by 96?
24
Calculate the remainder when 8324 is divided by 198.
8
What is the remainder when 246083 is divided by 12?
11
Calculate the remainder when 28266 is divided by 120.
66
Calculate the remainder when 6001 is divided by 5956.
45
What is the remainder when 39332 is divided by 142?
140
What is the remainder when 11353 is divided by 815?
758
What is the remainder when 14971 is divided by 32?
27
What is the remainder when 142248 is divided by 25?
23
What is the remainder when 35477 is divided by 4?
1
Calculate the remainder when 5354 is divided by 108.
62
What is the remainder when 156671 is divided by 217?
214
What is the remainder when 2113 is divided by 164?
145
Calculate the remainder when 9374 is divided by 3116.
26
What is the remainder when 18889 is divided by 266?
3
Calculate the remainder when 18677 is divided by 391.
300
What is the remainder when 5807364 is divided by 446?
444
What is the remainder when 119236 is divided by 286?
260
Calculate the remainder when 839 is divided by 763.
76
Calculate the remainder when 82787 is divided by 487.
484
Calculate the remainder when 73889 is divided by 2382.
47
Calculate the remainder when 49627 is divided by 132.
127
Calculate the remainder when 51869 is divided by 27.
2
What is the remainder when 455 is divided by 43?
25
Calculate the remainder when 233 is divided by 41.
28
What is the remainder when 10277 is divided by 118?
11
Calculate the remainder when 22824 is divided by 1874.
336
What is the remainder when 2518240 is divided by 91?
88
What is the remainder when 1189213 is divided by 8?
5
Calculate the remainder when 320326 is divided by 54.
52
What is the remainder when 26124 is divided by 78?
72
What is the remainder when 4093108 is divided by 890?
888
Calculate the remainder when 1864540 is divided by 266362.
6
Calculate the remainder when 59137 is divided by 334.
19
Calculate the remainder when 35299 is divided by 194.
185
What is the remainder when 7511 is divided by 3169?
1173
What is the remainder when 33862 is divided by 11284?
10
What is the remainder when 633027 is divided by 23?
21
What is the remainder when 2933 is divided by 106?
71
What is the remainder when 87299 is divided by 290?
9
Calculate the remainder when 79223 is divided by 15843.
8
What is the remainder when 3427 is divided by 267?
223
Calculate the remainder when 499483 is divided by 726.
721
Calculate the remainder when 34691 is divided by 84.
83
What is the remainder when 680 is divided by 313?
54
Calculate the remainder when 255 is divided by 5.
0
What is the remainder when 76285 is divided by 362?
265
Calculate the remainder when 45576 is divided by 265.
261
What is the remainder when 21641 is divided by 5410?
1
Calculate the remainder when 366901 is divided by 654.
7
Calculate the remainder when 12044 is divided by 12036.
8
What is the remainder when 2582 is divided by 92?
6
What is the remainder when 1818 is divided by 60?
18
What is the remainder when 54329 is divided by 2587?
2
What is the remainder when 107079 is divided by 54?
51
Calculate the remainder when 799693 is divided by 199918.
21
Calculate the remainder when 1594 is divided by 629.
336
What is the remainder when 43147 is divided by 153?
1
What is the remainder when 10088 is divided by 5022?
44
What is the remainder when 2998 is divided by 2497?
501
Calculate the remainder when 645641 is divided by 15.
11
What is the remainder when 2436 is divided by 52?
44
What is the remainder when 5135 is divided by 61?
11
Calculate the remainder when 6277 is divided by 446.
33
Calculate the remainder when 135127 is divided by 5405.
2
Calculate the remainder when 5879 is divided by 2938.
3
What is the remainder when 14183 is divided b